{"id":72,"date":"2022-03-16T12:58:50","date_gmt":"2022-03-16T12:58:50","guid":{"rendered":"https:\/\/www.lebensberatung-peters-bremen.de\/?page_id=72"},"modified":"2026-02-15T13:22:09","modified_gmt":"2026-02-15T13:22:09","slug":"impressum","status":"publish","type":"page","link":"https:\/\/www.lebensberatung-peters-bremen.de\/?page_id=72","title":{"rendered":"Impressum"},"content":{"rendered":"\n<pre class=\"wp-block-verse\">Angaben gem\u00e4\u00df \u00a7 5 TMG<br>Roswitha Peters<br>Ohmstr. 17<br>28357 Bremen<br>Kontakt<br>Telefon: 0152 0877 9860<br>E-Mail: rpeters@uni-bremen.de<br><br>EU-Streitschlichtung<br>Die Europ\u00e4ische Kommission stellt eine Plattform zur Online-Streitbeilegung (OS) bereit:<br>https:\/\/ec.europa.eu\/consumers\/odr\/.<br>Unsere E-Mail-Adresse finden Sie oben im Impressum.<br>Verbraucherstreitbeilegung\/Universalschlichtungsstelle<br>Wir sind nicht bereit oder verpflichtet, an Streitbeilegungsverfahren vor einer<br>Verbraucherschlichtungsstelle teilzunehmen.<br><br>Quelle:<br>eRecht24<br><br><\/pre>\n","protected":false},"excerpt":{"rendered":"<p>Angaben gem\u00e4\u00df \u00a7 5 TMGRoswitha PetersOhmstr. 1728357 BremenKontaktTelefon: 0152 0877 9860E-Mail: rpeters@uni-bremen.deEU-StreitschlichtungDie Europ\u00e4ische Kommission stellt eine Plattform zur Online-Streitbeilegung (OS) bereit:https:\/\/ec.europa.eu\/consumers\/odr\/.Unsere E-Mail-Adresse finden Sie oben im Impressum.Verbraucherstreitbeilegung\/UniversalschlichtungsstelleWir sind nicht bereit oder verpflichtet, an Streitbeilegungsverfahren vor einerVerbraucherschlichtungsstelle teilzunehmen.Quelle:eRecht24<\/p>\n","protected":false},"author":1,"featured_media":0,"parent":0,"menu_order":0,"comment_status":"closed","ping_status":"closed","template":"","meta":{"hide_page_title":"","_coblocks_attr":"","_coblocks_dimensions":"","_coblocks_responsive_height":"","_coblocks_accordion_ie_support":"","footnotes":""},"class_list":["post-72","page","type-page","status-publish","hentry"],"yoast_head":"<!-- This site is optimized with the Yoast SEO plugin v27.4 - https:\/\/yoast.com\/product\/yoast-seo-wordpress\/ -->\n<title>Impressum &#187; Praxis f\u00fcr Gespr\u00e4ch und Lebensberatung<\/title>\n<meta name=\"robots\" content=\"index, follow, max-snippet:-1, max-image-preview:large, max-video-preview:-1\" \/>\n<link rel=\"canonical\" href=\"https:\/\/www.lebensberatung-peters-bremen.de\/?page_id=72\" \/>\n<meta property=\"og:locale\" content=\"de_DE\" \/>\n<meta property=\"og:type\" content=\"article\" \/>\n<meta property=\"og:title\" content=\"Impressum &#187; Praxis f\u00fcr Gespr\u00e4ch und Lebensberatung\" \/>\n<meta property=\"og:description\" content=\"Angaben gem\u00e4\u00df \u00a7 5 TMGRoswitha PetersOhmstr. 1728357 BremenKontaktTelefon: 0152 0877 9860E-Mail: rpeters@uni-bremen.deEU-StreitschlichtungDie Europ\u00e4ische Kommission stellt eine Plattform zur Online-Streitbeilegung (OS) bereit:https:\/\/ec.europa.eu\/consumers\/odr\/.Unsere E-Mail-Adresse finden Sie oben im Impressum.Verbraucherstreitbeilegung\/UniversalschlichtungsstelleWir sind nicht bereit oder verpflichtet, an Streitbeilegungsverfahren vor einerVerbraucherschlichtungsstelle teilzunehmen.Quelle:eRecht24\" \/>\n<meta property=\"og:url\" content=\"https:\/\/www.lebensberatung-peters-bremen.de\/?page_id=72\" \/>\n<meta property=\"og:site_name\" content=\"Praxis f\u00fcr Gespr\u00e4ch und Lebensberatung\" \/>\n<meta property=\"article:modified_time\" content=\"2026-02-15T13:22:09+00:00\" \/>\n<meta name=\"twitter:card\" content=\"summary_large_image\" \/>\n<meta name=\"twitter:label1\" content=\"Gesch\u00e4tzte Lesezeit\" \/>\n\t<meta name=\"twitter:data1\" content=\"1\u00a0Minute\" \/>\n<script type=\"application\/ld+json\" class=\"yoast-schema-graph\">{\"@context\":\"https:\\\/\\\/schema.org\",\"@graph\":[{\"@type\":\"WebPage\",\"@id\":\"https:\\\/\\\/www.lebensberatung-peters-bremen.de\\\/?page_id=72\",\"url\":\"https:\\\/\\\/www.lebensberatung-peters-bremen.de\\\/?page_id=72\",\"name\":\"Impressum &#187; Praxis f\u00fcr Gespr\u00e4ch und Lebensberatung\",\"isPartOf\":{\"@id\":\"https:\\\/\\\/www.lebensberatung-peters-bremen.de\\\/#website\"},\"datePublished\":\"2022-03-16T12:58:50+00:00\",\"dateModified\":\"2026-02-15T13:22:09+00:00\",\"breadcrumb\":{\"@id\":\"https:\\\/\\\/www.lebensberatung-peters-bremen.de\\\/?page_id=72#breadcrumb\"},\"inLanguage\":\"de\",\"potentialAction\":[{\"@type\":\"ReadAction\",\"target\":[\"https:\\\/\\\/www.lebensberatung-peters-bremen.de\\\/?page_id=72\"]}]},{\"@type\":\"BreadcrumbList\",\"@id\":\"https:\\\/\\\/www.lebensberatung-peters-bremen.de\\\/?page_id=72#breadcrumb\",\"itemListElement\":[{\"@type\":\"ListItem\",\"position\":1,\"name\":\"Startseite\",\"item\":\"https:\\\/\\\/www.lebensberatung-peters-bremen.de\\\/\"},{\"@type\":\"ListItem\",\"position\":2,\"name\":\"Impressum\"}]},{\"@type\":\"WebSite\",\"@id\":\"https:\\\/\\\/www.lebensberatung-peters-bremen.de\\\/#website\",\"url\":\"https:\\\/\\\/www.lebensberatung-peters-bremen.de\\\/\",\"name\":\"Praxis f\u00fcr Gespr\u00e4ch und Lebensberatung\",\"description\":\" Dr. phil. Roswitha Peters\",\"publisher\":{\"@id\":\"https:\\\/\\\/www.lebensberatung-peters-bremen.de\\\/#\\\/schema\\\/person\\\/4d5f1a93305908d1e0c1e9668a6c6cdc\"},\"potentialAction\":[{\"@type\":\"SearchAction\",\"target\":{\"@type\":\"EntryPoint\",\"urlTemplate\":\"https:\\\/\\\/www.lebensberatung-peters-bremen.de\\\/?s={search_term_string}\"},\"query-input\":{\"@type\":\"PropertyValueSpecification\",\"valueRequired\":true,\"valueName\":\"search_term_string\"}}],\"inLanguage\":\"de\"},{\"@type\":[\"Person\",\"Organization\"],\"@id\":\"https:\\\/\\\/www.lebensberatung-peters-bremen.de\\\/#\\\/schema\\\/person\\\/4d5f1a93305908d1e0c1e9668a6c6cdc\",\"name\":\"Roswitha Peters\",\"image\":{\"@type\":\"ImageObject\",\"inLanguage\":\"de\",\"@id\":\"https:\\\/\\\/www.lebensberatung-peters-bremen.de\\\/wp-content\\\/uploads\\\/2022\\\/03\\\/cropped-cropped-2006909969-huge-removebg-1.png\",\"url\":\"https:\\\/\\\/www.lebensberatung-peters-bremen.de\\\/wp-content\\\/uploads\\\/2022\\\/03\\\/cropped-cropped-2006909969-huge-removebg-1.png\",\"contentUrl\":\"https:\\\/\\\/www.lebensberatung-peters-bremen.de\\\/wp-content\\\/uploads\\\/2022\\\/03\\\/cropped-cropped-2006909969-huge-removebg-1.png\",\"width\":512,\"height\":512,\"caption\":\"Roswitha Peters\"},\"logo\":{\"@id\":\"https:\\\/\\\/www.lebensberatung-peters-bremen.de\\\/wp-content\\\/uploads\\\/2022\\\/03\\\/cropped-cropped-2006909969-huge-removebg-1.png\"},\"sameAs\":[\"http:\\\/\\\/www.lebensberatung-peters-bremen.de\"]}]}<\/script>\n<!-- \/ Yoast SEO plugin. -->","yoast_head_json":{"title":"Impressum &#187; Praxis f\u00fcr Gespr\u00e4ch und Lebensberatung","robots":{"index":"index","follow":"follow","max-snippet":"max-snippet:-1","max-image-preview":"max-image-preview:large","max-video-preview":"max-video-preview:-1"},"canonical":"https:\/\/www.lebensberatung-peters-bremen.de\/?page_id=72","og_locale":"de_DE","og_type":"article","og_title":"Impressum &#187; Praxis f\u00fcr Gespr\u00e4ch und Lebensberatung","og_description":"Angaben gem\u00e4\u00df \u00a7 5 TMGRoswitha PetersOhmstr. 1728357 BremenKontaktTelefon: 0152 0877 9860E-Mail: rpeters@uni-bremen.deEU-StreitschlichtungDie Europ\u00e4ische Kommission stellt eine Plattform zur Online-Streitbeilegung (OS) bereit:https:\/\/ec.europa.eu\/consumers\/odr\/.Unsere E-Mail-Adresse finden Sie oben im Impressum.Verbraucherstreitbeilegung\/UniversalschlichtungsstelleWir sind nicht bereit oder verpflichtet, an Streitbeilegungsverfahren vor einerVerbraucherschlichtungsstelle teilzunehmen.Quelle:eRecht24","og_url":"https:\/\/www.lebensberatung-peters-bremen.de\/?page_id=72","og_site_name":"Praxis f\u00fcr Gespr\u00e4ch und Lebensberatung","article_modified_time":"2026-02-15T13:22:09+00:00","twitter_card":"summary_large_image","twitter_misc":{"Gesch\u00e4tzte Lesezeit":"1\u00a0Minute"},"schema":{"@context":"https:\/\/schema.org","@graph":[{"@type":"WebPage","@id":"https:\/\/www.lebensberatung-peters-bremen.de\/?page_id=72","url":"https:\/\/www.lebensberatung-peters-bremen.de\/?page_id=72","name":"Impressum &#187; Praxis f\u00fcr Gespr\u00e4ch und Lebensberatung","isPartOf":{"@id":"https:\/\/www.lebensberatung-peters-bremen.de\/#website"},"datePublished":"2022-03-16T12:58:50+00:00","dateModified":"2026-02-15T13:22:09+00:00","breadcrumb":{"@id":"https:\/\/www.lebensberatung-peters-bremen.de\/?page_id=72#breadcrumb"},"inLanguage":"de","potentialAction":[{"@type":"ReadAction","target":["https:\/\/www.lebensberatung-peters-bremen.de\/?page_id=72"]}]},{"@type":"BreadcrumbList","@id":"https:\/\/www.lebensberatung-peters-bremen.de\/?page_id=72#breadcrumb","itemListElement":[{"@type":"ListItem","position":1,"name":"Startseite","item":"https:\/\/www.lebensberatung-peters-bremen.de\/"},{"@type":"ListItem","position":2,"name":"Impressum"}]},{"@type":"WebSite","@id":"https:\/\/www.lebensberatung-peters-bremen.de\/#website","url":"https:\/\/www.lebensberatung-peters-bremen.de\/","name":"Praxis f\u00fcr Gespr\u00e4ch und Lebensberatung","description":" Dr. phil. Roswitha Peters","publisher":{"@id":"https:\/\/www.lebensberatung-peters-bremen.de\/#\/schema\/person\/4d5f1a93305908d1e0c1e9668a6c6cdc"},"potentialAction":[{"@type":"SearchAction","target":{"@type":"EntryPoint","urlTemplate":"https:\/\/www.lebensberatung-peters-bremen.de\/?s={search_term_string}"},"query-input":{"@type":"PropertyValueSpecification","valueRequired":true,"valueName":"search_term_string"}}],"inLanguage":"de"},{"@type":["Person","Organization"],"@id":"https:\/\/www.lebensberatung-peters-bremen.de\/#\/schema\/person\/4d5f1a93305908d1e0c1e9668a6c6cdc","name":"Roswitha Peters","image":{"@type":"ImageObject","inLanguage":"de","@id":"https:\/\/www.lebensberatung-peters-bremen.de\/wp-content\/uploads\/2022\/03\/cropped-cropped-2006909969-huge-removebg-1.png","url":"https:\/\/www.lebensberatung-peters-bremen.de\/wp-content\/uploads\/2022\/03\/cropped-cropped-2006909969-huge-removebg-1.png","contentUrl":"https:\/\/www.lebensberatung-peters-bremen.de\/wp-content\/uploads\/2022\/03\/cropped-cropped-2006909969-huge-removebg-1.png","width":512,"height":512,"caption":"Roswitha Peters"},"logo":{"@id":"https:\/\/www.lebensberatung-peters-bremen.de\/wp-content\/uploads\/2022\/03\/cropped-cropped-2006909969-huge-removebg-1.png"},"sameAs":["http:\/\/www.lebensberatung-peters-bremen.de"]}]}},"_links":{"self":[{"href":"https:\/\/www.lebensberatung-peters-bremen.de\/index.php?rest_route=\/wp\/v2\/pages\/72","targetHints":{"allow":["GET"]}}],"collection":[{"href":"https:\/\/www.lebensberatung-peters-bremen.de\/index.php?rest_route=\/wp\/v2\/pages"}],"about":[{"href":"https:\/\/www.lebensberatung-peters-bremen.de\/index.php?rest_route=\/wp\/v2\/types\/page"}],"author":[{"embeddable":true,"href":"https:\/\/www.lebensberatung-peters-bremen.de\/index.php?rest_route=\/wp\/v2\/users\/1"}],"replies":[{"embeddable":true,"href":"https:\/\/www.lebensberatung-peters-bremen.de\/index.php?rest_route=%2Fwp%2Fv2%2Fcomments&post=72"}],"version-history":[{"count":5,"href":"https:\/\/www.lebensberatung-peters-bremen.de\/index.php?rest_route=\/wp\/v2\/pages\/72\/revisions"}],"predecessor-version":[{"id":267,"href":"https:\/\/www.lebensberatung-peters-bremen.de\/index.php?rest_route=\/wp\/v2\/pages\/72\/revisions\/267"}],"wp:attachment":[{"href":"https:\/\/www.lebensberatung-peters-bremen.de\/index.php?rest_route=%2Fwp%2Fv2%2Fmedia&parent=72"}],"curies":[{"name":"wp","href":"https:\/\/api.w.org\/{rel}","templated":true}]}}